-1 - l = 2*g. What are the prime factors of (2/g)/((-2)/52)?
13
Suppose 3*k = -4*l + 57, 0 = -3*k + 2*l - 0*l + 39. Suppose 4*u + 3 = k. What are the prime factors of u?
3
Suppose -2*c - 4*g - 4 = 0, 3*c - 14 = g - 2*g. Let n = -39 + 48. Suppose w - n = c. What are the prime factors of w?
3, 5
Let d be 0/((-1 - -3)/(-2)). Let f = 6 + d. Suppose -4*y + f = -2*y. List the prime factors of y.
3
Let q = 3 - -11. Suppose q*x = 11*x + 18. What are the prime factors of x?
2, 3
Let r(x) = x**2 - 4*x + 3. Let d be r(4). Suppose m - 4*m = -d. What are the prime factors of 1/m*(3 - 1)?
2
Suppose -46 = 3*s - 19. Let k = s + 16. What are the prime factors of k?
7
Let c(x) = -1. Let z(r) = -2*r - 4. Let q(l) = -3*c(l) + z(l). What are the prime factors of q(-2)?
3
Let j be 318/15 - 5/25. Let w = j - 3. What are the prime factors of w?
2, 3
Let j(z) = -z - 5. Let h be j(-6). Let g = h - 1. Suppose p + 2*x - 3 = 0, g*p + x = p - 15. What are the prime factors of p?
11
Suppose 4*g + 5*y = 6 + 307, y = 2*g - 139. List the prime factors of g.
2, 3
Suppose 215 = 3*c + 2*c. Let s = 17 - 13. Suppose 13 + c = s*y. What are the prime factors of y?
2, 7
Let z be -1 + (2 + 0)/2. Let d(w) = -1 - w**2 + 0*w**2 - 7*w + z. List the prime factors of d(-4).
11
Let c be 0/(1 - 2) + -16. Let j = -11 - c. What are the prime factors of j?
5
Let g be -1*(-2 + 1) - -32. Suppose g = -4*t + 101. List the prime factors of t.
17
Suppose -4*d + 0*d - 21 = 5*z, 2*d = -5*z - 3. Let w = -2 - d. List the prime factors of w.
7
Let m(w) = -w**2 + w + 1. Let y be m(4). Let h(s) = -s**3 + 22*s**2 - 4. Let u be h(22). Let f = u - y. List the prime factors of f.
7
Let j = 0 - 0. Let v = j + 0. What are the prime factors of 1 - (v + (-3)/1)?
2
Suppose 0*i - i = -4. Suppose 0*p - 5*v - 55 = -5*p, -3*p + i*v = -37. List the prime factors of p.
7
Let k = -219 - -326. Let t = k - 64. List the prime factors of t.
43
Suppose 6*c - 3*c - 105 = 0. List the prime factors of c.
5, 7
Suppose -4*a - 2*a + 1980 = 0. What are the prime factors of a?
2, 3, 5, 11
Let m be -4*1/2*22. Let q = m - -64. Suppose 2*w - q = -f, 0*f - 5*w = -2*f + 49. List the prime factors of f.
2, 11
Suppose -u + 2 = -0*u. Suppose u*q = n + 5, -6*q = -q - 3*n - 10. List the prime factors of q.
5
Let f(m) = -3*m**2 - 5*m - 4. Let q(z) = 16*z**2 + 25*z + 19. Let r(u) = -11*f(u) - 2*q(u). What are the prime factors of r(-6)?
2, 3
Suppose -j + 2 + 1 = 0. Let x be 3*(j + (-21)/9). Suppose -x*w = -r + 4*r - 9, 3*r + 75 = 5*w. List the prime factors of w.
2, 3
Let u = -4 + 9. Suppose -3*f - 4*o + 160 = 0, -6*f + f + 220 = -u*o. Suppose f = 2*p + 4*a, -2*p = 3*a - 48 + 5. List the prime factors of p.
2, 7
Suppose 33 = -3*w + 3*v, 3*w - 6*w - 43 = 2*v. Let j = w - -21. Let x = j + -2. List the prime factors of x.
2, 3
Let x(y) = y**3 - 2*y**2 + y + 14. List the prime factors of x(7).
2, 7, 19
Let g = -238 - -484. What are the prime factors of g?
2, 3, 41
Suppose 0*p = 2*p. Let b = p - -5. What are the prime factors of b?
5
Let j be (-1 - (2 + -2))*9. What are the prime factors of (3/j)/((-2)/30)?
5
Suppose j - 8 = -5*k, 0 = 3*j - 1 + 7. Let n(g) = -g + g**3 + 7 - 7 + 4*g**k. List the prime factors of n(-4).
2
Let o(d) = d**3 - 10*d**2 + 4*d - 16. What are the prime factors of o(10)?
2, 3
Let y(f) = f + 0*f**2 - f**2 - 5 - 10*f. Let z be y(-8). Suppose 4*d = b - 12, b + z*d = d + 12. What are the prime factors of b?
2, 3
Suppose 2*l = 5*l - 198. What are the prime factors of l?
2, 3, 11
Suppose -3*x + 1 = -2. Let z = x - -5. What are the prime factors of z?
2, 3
Let c be 1 + 1 + 3/3. Let p be (-2)/c - (-16)/6. Let l(r) = r**3 + r**2 - 2*r + 1. What are the prime factors of l(p)?
3
Let m(k) = k**2 - 3*k + 3. List the prime factors of m(6).
3, 7
Let c be (-2)/(-10) - (-64)/5. Let f = c + -2. List the prime factors of f.
11
Let c(v) = -v - 5. Let q be c(4). Let l = q + 17. What are the prime factors of l?
2
Let c(a) = a**2 - 6*a. Let m(q) = 2*q**2 - 12*q. Let i be (-1)/5 - (-44)/(-5). Let h(x) = i*c(x) + 4*m(x). List the prime factors of h(5).
5
Let p(h) = 2*h + 68. What are the prime factors of p(0)?
2, 17
List the prime factors of (-74)/(-1) + -1 - -3.
2, 19
Let u = 40 - -2. Let h = u - 10. What are the prime factors of h?
2
Let l be (3 + -4)/1*-23. Suppose -3*t - 2*o - 2*o = -l, t = o + 3. What are the prime factors of t?
5
Suppose -b - q + 18 = -2*q, 82 = 3*b + 4*q. Suppose r + r = b. Suppose r = 4*d - 53. What are the prime factors of d?
2
Suppose 11 - 1 = -4*d - 2*x, 2*x + 10 = 3*d. Suppose -5*b = -5*u + 5, -4*b - 8 = -4. Suppose u = 5*o - d*o - 25. What are the prime factors of o?
5
Suppose 0 = -3*k + 5*k - 64. Suppose -1 - k = 3*y. Let a = y - -22. List the prime factors of a.
11
Let c be 2 - -1 - (0 + 2). Let l be ((-20)/25)/(c/(-30)). Suppose 7*b - l = 3*b. List the prime factors of b.
2, 3
Suppose k - 10 = -5*x + 3, -3*x - k + 9 = 0. Suppose 0 = -x*u - 2*u. Suppose u*g = 3*g - 36. What are the prime factors of g?
2, 3
Let z = -108 + 156. What are the prime factors of z?
2, 3
Suppose -3*o = o + 96. Let c = o + 42. List the prime factors of c.
2, 3
List the prime factors of 210 - 5*(6 - 5).
5, 41
Let m = -26 + 15. What are the prime factors of m/((-1)/6*2)?
3, 11
Let t be (3/2)/(13/234). Let g = t - 14. What are the prime factors of g?
13
Let d(b) = -93*b - 33. What are the prime factors of d(-3)?
2, 3, 41
Let q = -310 - -526. List the prime factors of q.
2, 3
Let b be 12 + (2 - -1)/1. Let p = b + 2. List the prime factors of p.
17
Let i(t) = t**3 - 13*t**2 - 23*t + 12. List the prime factors of i(15).
3, 13
Suppose -4*n - 3*j + 14 = 0, -17 = -n + 3*j - 6. Let i(t) = -n + t - 3*t - t. What are the prime factors of i(-4)?
7
Let q(o) be the second derivative of o**5/20 - 3*o**4/4 - 5*o**3/3 + 3*o**2/2 + o. Let p be q(10). Suppose -4*w + p*w = -8. List the prime factors of w.
2
List the prime factors of (-1)/4 - (-6 - 210/8).
2
List the prime factors of (0 - -1) + -9 + 17.
3
Let o(u) = u**2 + 6*u + 7. Let q(w) = 2*w + 1. Let z be q(-3). Let v be o(z). Suppose -4*t - 20 = 0, -v*g = -g - 5*t - 31. List the prime factors of g.
2, 3
Suppose 4*b + 139 = 2*n - b, 4*n - 265 = -3*b. What are the prime factors of n?
67
Suppose -s + 103 = -5*r, -2*s - r = -28 - 134. What are the prime factors of s?
83
Let o(r) = -r**3 + 3*r + 3. Let g be o(3). Let a = g + 30. List the prime factors of a.
3, 5
Suppose -q = -0 + 9. Let h = 15 + q. What are the prime factors of h?
2, 3
Let q(p) = -p**3 + 6*p**2 - 5*p - 5. Let n be q(5). Let r(f) = -5*f + 15. What are the prime factors of r(n)?
2, 5
Suppose -1 = -3*m + 20. What are the prime factors of m?
7
Suppose -3*z = -14 - 13. Suppose 4*i - o = 56, -2*i - o = -i - z. List the prime factors of i.
13
Let t(w) = w**3 - 5*w**2 + 1. Let c be t(4). List the prime factors of 2/5 - 309/c.
3, 7
Suppose -3*g = 4*q + 23, -3 = -2*g - 2*q + 3*q. Let b be (-52)/6 - g/(-3). Let a = b - -21. What are the prime factors of a?
2, 3
Let o be (-22)/(-3 + 1) + -3. Suppose 4*t = -2*u + 2 + o, -2*t + 19 = 3*u. List the prime factors of u.
7
Suppose 0 = -3*n - 3*n + 204. What are the prime factors of n?
2, 17
Let q(r) = r**2 + r + 1. Let g be q(-2). Suppose g*s - 47 - 37 = 0. Suppose 0 = -3*i + s + 35. List the prime factors of i.
3, 7
Let d(z) = -6*z**2 - 2*z - 2. Let j be d(-1). List the prime factors of (-201)/j + (-3)/6.
3, 11
Let t(i) = -37*i**2 - 1. Let y be t(1). Let d = 68 + y. What are the prime factors of d?
2, 3, 5
Let l(j) = j**3 + 8*j**2 - 10*j - 9. Let w be l(-9). Suppose -2*m + 0*m + 56 = w. List the prime factors of m.
2, 7
Let q = -41 + 51. List the prime factors of q.
2, 5
Suppose -22 = -5*u - 2*z, -2*z - 3 - 23 = -3*u. Let m = u - 9. Let d = 2 - m. What are the prime factors of d?
5
Let c = -36 - -24. Let s = -8 - c. List the prime factors of s.
2
Let k(m) = 7*m**2 - m. Let g = -12 + 10. List the prime factors of k(g).
2, 3, 5
Let d be (-2 + (-2 - -4))/1. Let s(f) = 3*f + d*f - 3 - 5*f. List the prime factors of s(-3).
3
Let b(a) = a**2 + 5*a - 2. Let m be b(-5). Let f(n) = 2 - 4*n - 1 - 3 + 0. What are the prime factors of f(m)?
2, 3
List the prime factors of (-915)/(-25) + (-4)/(-10).
37
Suppose -4*b + 4 + 8 = 0. Suppose -11 = -4*i + b*i. List the prime factors of i.
11
Suppose 21 = 4*m - 3. Let k(f) = 5*f - 7. Let 